(h) = 1 - 23*h**3 + 40*h + 4*h**2 - 27*h - 15*h - 2. What is k(1)?
-22
Let d(v) = -v**3 - 9*v**2 - 13*v. Suppose 5*z + 43 = -4*a, -2*a + 24 = 4*z - 8*z. Determine d(z).
-7
Let d(b) = -15*b - 1184. Let z be d(-80). Let r(q) = 11*q - 175. Determine r(z).
1
Suppose -65*f - 128 = 132. Let s(b) = 3*b**3 + 7*b**2 - 3*b + 5. Determine s(f).
-63
Suppose 2*j + 2*d - 18 = 2, 0 = -j - 2*d + 12. Let n be (6 - j) + (-3)/(6/(-8)). Let i(h) = 26*h**2 - 16*h**2 - 9*h**2 - n. What is i(3)?
7
Let c(r) = -37*r - 43*r - 1 - 37*r + 126*r. What is c(-2)?
-19
Suppose 25*w = 22*w + 3*j + 3, -19 = 5*w + 3*j. Let k(t) be the first derivative of t**4/4 + 4*t**3/3 + 3*t**2/2 + t + 21. Determine k(w).
3
Let f(m) = 3*m - 30. Let r(i) = -i**3 - 8*i**2 + 12*i + 143. Let b be r(-7). Give f(b).
0
Suppose 6 = -3*a - 4*f + 26, -2*f = -4. Let t(x) = -x**3 + 5*x**2 - 7*x + 13. Let m be t(a). Let p(i) = 9*i**3 - 2*i**2 + 2*i - 1. Give p(m).
8
Let y(l) = -l**3 + 5*l**2 + 16*l - 57. Let x = 3458 + -3452. What is y(x)?
3
Let v(z) = 2*z + 11. Let q be 3 - (-1)/((-4 + 3)*1). Suppose -q*d - 5*d = 35. Give v(d).
1
Let h be 1 - 0 - 1/((-5)/(-2465)). Let r = h + 494. Let t(j) = -36*j + 11. Let v(o) = -12*o + 4. Let z(i) = 3*t(i) - 8*v(i). What is z(r)?
-23
Let b(l) = 80*l + 102*l + 47*l - 142*l + 9 + 17*l - 4*l**2. What is b(26)?
9
Let g(o) = 90*o**2 - 7*o + 2. Let q(v) = -20*v**2 + 3*v - 1. Let l(h) = 3*g(h) + 7*q(h). What is l(-1)?
129
Let q be -9*(2 + 24/(-9)). Suppose q*c - 3*c = -4*d + 14, d - 13 = 4*c. Let a(w) = -4*w**3 - w**2 + w + 2. Determine a(c).
28
Suppose -14*b + 37 + 28 + 47 = 0. Let r(p) = p**3 - 10*p**2 + 17*p + 6. What is r(b)?
14
Let o(z) = 5*z + 1. Suppose 35 - 3 = 8*t. Suppose -6*u = -t*u + 4*b - 14, -3*b = -5*u - 4. Determine o(u).
6
Let q(h) = -h**3 - 5*h**2 + 5. Let p be q(-5). Let u(d) = 3*d**2 + 28*d + 6. Let m(l) = -7*l**2 - 62*l - 15. Let c(z) = 4*m(z) + 9*u(z). Calculate c(p).
-11
Suppose -5*w = -4*s + 5, -6*s + 11*s = w + 22. Let u(f) = 13*f + 6*f**3 - 5*f**3 - f**2 - 28*f + 13*f + w. Calculate u(-3).
-27
Let i = -31668 + 31653. Let g(w) = w**3 + 16*w**2 + 16*w + 15. What is g(i)?
0
Suppose 26*h - h - 148 + 673 = 0. Let w(t) = -t**3 - 22*t**2 - 15*t + 134. What is w(h)?
8
Let d(j) = -j**2. Let n(g) = -g**3 - 5*g**2 + g. Let k(c) = 2*d(c) - n(c). Let f = 196 - 189. Suppose 0 = -f*s - 0*s - 21. Calculate k(s).
3
Let q(z) = 10*z + 140. Let b be q(-20). Let l be (24/(-15))/((-24)/b). Let x(y) = 2*y + 4. Calculate x(l).
-4
Suppose 5*h + 9 = -4*u, -u - 5*h = -247 + 238. Let w(k) = -2*k - 14. What is w(u)?
-2
Let t(o) = 15*o**3 - 2*o**2 - 3*o - 2. Let c(j) = j**3 + 27*j**2 + 179*j - 13. Let h be c(-12). Determine t(h).
-16
Let t = -12489 + 19029. Let j be (-4)/(-14) + t/(-105). Let c = 61 + j. Let a(s) = 17*s**2. What is a(c)?
17
Let z = -1111/2 - -557. Let v(p) be the second derivative of 1/20*p**5 + 16*p + 0 - z*p**2 - 2/3*p**3 + 1/4*p**4. Calculate v(-4).
-3
Let h(i) = 124*i - 124. Let x be h(1). Let z(f) be the third derivative of 0 + 0*f + x*f**4 + 20*f**2 - 1/10*f**5 - 1/120*f**6 + f**3. What is z(-6)?
6
Let y(k) = 2*k**2 + 7*k + 104. Let c(n) = -8*n**2 - 29*n - 441. Let m(l) = -4*c(l) - 17*y(l). What is m(-6)?
-58
Let x = -11 - -15. Suppose 0 = -x*j + 16, -4*v = -v - 3*j + 12. Let t(q) = 1014*q - 510*q - 505*q + 2. What is t(v)?
2
Let d(a) = a**2 - 3*a - 4. Let h = 795 + -790. What is d(h)?
6
Let a(i) = 3*i**2 - 6 - 4 - 2*i**2 + 9*i - 5*i. Let t = -26279 - -26271. Calculate a(t).
22
Let r(u) = -24*u + 51 - u**3 - 124 + 68 + 5*u**2 + 8*u**2. Determine r(11).
-27
Let q(c) = -7*c - 2. Let r(f) = -33*f - 50. Let o(w) = -6*q(w) + r(w). Calculate o(10).
52
Let p = -12 + 9. Let k(g) = 10 + 7 - 23 + 7 + 4*g + 3. Calculate k(p).
-8
Let i(k) be the third derivative of -1/60*k**5 + 2*k**2 + 1/3*k**3 + 0 + k + 1/24*k**4. Give i(0).
2
Let n be ((-26)/(-39))/((-1)/(-3)). Let h(s) = 78*s + 74*s - 2*s**n - 1 - 157*s + s**2 + s**3. Determine h(4).
27
Let d(p) be the second derivative of 1/3*p**3 - 53*p - p**2 - 1/10*p**5 + 0*p**4 + 0. What is d(2)?
-14
Let a(v) = 19*v - 1137. Let i be a(60). Let s(n) = -3*n + 15. Calculate s(i).
6
Let k(y) = -10114 - 5*y + y + 10115. Calculate k(3).
-11
Let c(u) = -u**3 + 10*u**2 - 12*u - 1. Let v = -49 + 57. Calculate c(v).
31
Suppose -12 - 1158 = 335*x + 1845. Let m(r) = r**2 + 5*r + 13. Determine m(x).
49
Let v = -156 + 437. Let s = 268 - v. Let j(g) = g**2 + 13*g + 9. Calculate j(s).
9
Let o(a) be the first derivative of 3*a**2/2 + 2*a - 1450. Determine o(3).
11
Let y be (-2 + 22/5)/(270/225). Let b(w) = w**2 - 3*w + 2. Calculate b(y).
0
Let u(i) be the third derivative of 0*i + 4*i**2 - 11 - 1/24*i**4 + 0*i**3. Give u(-3).
3
Let g(b) = -17*b**2 + 51*b - 35. Let p(x) = -3*x**2 + 10*x - 7. Let a(c) = 2*g(c) - 11*p(c). Suppose 10*y + 108 = -2*y. What is a(y)?
-2
Let b(d) = -49*d - 19. Let r(s) = 207*s + 75. Let i(f) = 17*b(f) + 4*r(f). What is i(-5)?
2
Let p(x) = -x**2 + 2*x + 1. Let h(s) = -255*s**2 - 7*s - 2 - 271*s**2 + 514*s**2. Let l(w) = h(w) + 3*p(w). Give l(1).
-15
Let v(a) be the third derivative of a**5/60 + a**4/6 - 5*a**3/3 - 22*a**2. What is v(4)?
22
Let z(s) = -s**2 + 5*s - 5. Let d be z(2). Let t(f) be the third derivative of -f**6/12 - f**5/60 + f**3/6 - f**2 + 797*f. Determine t(d).
-10
Let x(m) = 20*m**2 + 201*m - 1. Let g be x(-10). Let p(l) = -l**3 - 12*l**2 - 15*l - 9. What is p(g)?
35
Let k(q) be the third derivative of 0*q + 1/24*q**4 - 2*q**3 + 0 + 1/30*q**5 + 135*q**2. What is k(0)?
-12
Let u(l) = -4*l**2 + 11*l + 6. Let p(s) = 9*s**2 - 23*s - 13. Let w(d) = 6*p(d) + 14*u(d). Suppose -160 = 17*n - 37*n. Calculate w(n).
6
Let n(p) = -3*p - 14. Let i(g) = -7*g - 29. Let l(j) = -2*i(j) + 5*n(j). Suppose 5*a - 4*x + 40 = 0, 31 + 6 = -a - 5*x. Give l(a).
0
Let m(l) = 942 + 943 + 2*l - 2861 + 918. Calculate m(13).
-32
Let a(l) = 50*l + 308. Let f(i) = -133*i + 6112. Let j be f(46). Give a(j).
8
Let s(t) be the second derivative of t**5/20 - 11*t**4/12 + 3*t**3/2 - 13*t**2/2 + 688*t - 3. Determine s(11).
86
Suppose y = 3*r + 17, 4*r + 2 = -2*y - 4. Suppose -3*h + 3*o = -5*h, -y = 5*h + 5*o. Let m(a) = -2*a**2 - 3*a - 2*a + 3*a**2 - 2*a**2 - 3. Determine m(h).
3
Suppose 15*l - 19*l + 92 = 0. Suppose -3*k = -l + 8. Let h(o) = 5*o. Give h(k).
25
Let n(m) = -m**3 + 28*m**2 - 130*m - 28. Let q be n(6). Let l(a) = -3*a**2 - 48*a - 3. Calculate l(q).
-3
Let q be (101 - 1)/(-4 + 12 - 9). Let g = q - -103. Let s(o) = 5*o. Determine s(g).
15
Let d(j) = -6*j - 3. Let z(h) = -h**2 - 10*h + 6. Suppose -2*w - 43 = -23. Let n be z(w). Suppose 3*y - n*y = 12. Determine d(y).
21
Let p = -9 + 1. Let k be 5*p/(-20) - -48. Suppose c = 11*c - k. Let j(a) = -a + 1. What is j(c)?
-4
Let o(i) = -3*i**2 + 25. Suppose f = -2*f + 12. Let s = -403 + 392. Let g(j) = -8*j**2 + 74. Let k(h) = f*g(h) + s*o(h). Determine k(0).
21
Let z(o) = -155*o - 38. Let g(x) = 52*x + 13. Let a(j) = 17*g(j) + 6*z(j). Let y be a(-2). Let r(n) = n**3 - 86 + y + 2*n**3. Determine r(1).
2
Let c(b) = 1. Let w(i) = -2*i + 9. Let q(f) = -4*c(f) + w(f). Let v = 232756 + -232748. Calculate q(v).
-11
Let o(y) = 2*y**3 + 7*y**2 - 5*y + 12. Let z be (8/32)/(2/4)*4. Let n(j) = 12*j - j**3 - 3*j**z - 16*j + 6*j - 6. Let q(g) = 5*n(g) + 3*o(g). Determine q(-7).
-8
Let v(l) be the second derivative of l**4/12 - l**3/2 - 2*l**2 - 2*l + 3466. Calculate v(-4).
24
Let v(u) = -u**3 + 5*u**2 + 6*u - 4. Let y(n) = n**3 - 4*n**2 - 5*n + 3. Let b(f) = 3*v(f) + 2*y(f). Let h = 150 - 126. Suppose -h = 11*t - 112. What is b(t)?
-6
Let p(d) = -70 + 31 - 133 + 22 - 151*d. Determine p(-1).
1
Let r(j) = -3*j**2 + 80*j + 31. Let v be r(27). Let l(n) = v + 2 - 2*n + 5 - 14. Give l(-4).
5
Let v(i) = -i**2 + 5*i - 21. Suppose 21*l + 3*a - 21 = 18*l, l = -2*a + 8. Give v(l).
-27
Let c(f) be the first derivative of 3*f**4/8 - f**3/6 - 9*f**2 - 13. Let u(n) be the second derivative of c(n). Let m = 75 + -74. Calculate u(m).
8
Let a = -317 + -280. Let x = -602 - a. Let f(c) = -2*c - 3. What is f(x)?
7
Let u(o) = 17*o + 3. Let v(m) = -3. Let w(r) = u(r) + v(r). Let q(l) = l - 10. Let a be q(9). Give w(a).
-17
Let v(k) = -8*k**2 + 31*k - 111*k + 29*k + 17*k + 4 + 27*k. Calculate v(4).
-152
Let q(n) = -2*n**3 + 13*n**2 + 21*n + 18. Suppose 0 = 5*c - w - 36, -12 = -252*c + 249*c + 3*w. Give q(c).
-6
Let c be 